{"id":311,"date":"2015-11-16T09:34:07","date_gmt":"2015-11-16T08:34:07","guid":{"rendered":"http:\/\/vrtecsalovci.splet.arnes.si\/?page_id=311"},"modified":"2024-11-18T07:30:19","modified_gmt":"2024-11-18T06:30:19","slug":"projekti-in-obogatitveni-program","status":"publish","type":"page","link":"https:\/\/vrtecsalovci.splet.arnes.si\/?page_id=311","title":{"rendered":"Projekti in obogatitveni program"},"content":{"rendered":"\n<h2 class=\"wp-block-heading\">Projekti:<\/h2>\n\n\n\n<hr class=\"wp-block-separator has-css-opacity\" \/>\n\n\n\n<div class=\"wp-block-columns is-layout-flex wp-container-core-columns-is-layout-9d6595d7 wp-block-columns-is-layout-flex\">\n<div class=\"wp-block-column is-layout-flow wp-block-column-is-layout-flow\" style=\"flex-basis:100%\">\n<ul class=\"wp-block-list\">\n<li><strong><em>NA\u0160A MALA KNJI\u017dNICA<\/em><\/strong> &#8211; <em>otroci drugega starostnega obdobja<\/em>             <\/li>\n\n\n\n<li><strong>BRALNA ZNA\u010cKA <\/strong>&#8211; otroci drugega starostnega obdobja<\/li>\n\n\n\n<li><strong>MOJA \u0160\u010cETKA<\/strong> &#8211; program preventivne skrbi za zobovje, otroci prvega starostnega in drugega starostnega obdobja<\/li>\n\n\n\n<li><strong>MALI SON\u010cEK<\/strong> &#8211; \u0161portni program za najmlaj\u0161e, otroci prvega starostnega in drugega starostnega obdobja<\/li>\n\n\n\n<li><strong>ZDRAVJE V VRTCU<\/strong> &#8211; otroci prvega starostnega in drugega starostnega obdobja<\/li>\n\n\n\n<li><strong>PASAV\u010cEK<\/strong> &#8211; otroci drugega starostnega obdobja<\/li>\n\n\n\n<li><strong>UNICEF<\/strong> &#8211; otroci prvega starostnega in drugega starostnega obdobja<\/li>\n\n\n\n<li><strong>MRE\u017dA GOZDNIH VRTCEV<\/strong> &#8211; otroci prvega starostnega in drugega starostnega obdobja<\/li>\n\n\n\n<li><strong>VARNO S SONCEM<\/strong> &#8211; otroci prvega starostnega in drugega starostnega obdobja<\/li>\n\n\n\n<li><strong><em>365 DNI TELOVADIMO VSI<\/em><\/strong> &#8211; otroci prvega starostnega obdobja         <\/li>\n\n\n\n<li><strong><em>SIMBIOZA GIBA<\/em><\/strong> &#8211; <em>otroci prvega starostnega\u00a0 in drugega starostnega obdobja<\/em><strong><em> <\/em><\/strong><\/li>\n\n\n\n<li><strong><em>TRADICIONALNI SLOVENSKI ZAJTRK<\/em><\/strong> &#8211; <em>otroci prvega starostnega\u00a0 in drugega starostnega obdobja<\/em><\/li>\n\n\n\n<li><strong><em>VARNO IN SPODBUDNO U\u010cNO OKOLJE<\/em><\/strong> &#8211; <em>otroci drugega starostnega obdobja<\/em><\/li>\n\n\n\n<li><strong>CELOSTNI RAZVOJ IN ETIKA V VZGOJI IN IZOBRA\u017dEVANJU<\/strong> &#8211; <em>otroci prvega starostnega obdobja<\/em><\/li>\n\n\n\n<li><strong>NACIONALNI MESEC SKUPNEGA BRANJA<\/strong> &#8211; <em>otroci prvega starostnega\u00a0 in drugega starostnega obdobja<\/em><\/li>\n\n\n\n<li><strong>LEO LEO<\/strong> &#8211; <em>otroci prvega starostnega obdobja<\/em><\/li>\n\n\n\n<li><strong>BRALNE URICE V SKLOPU POKRAJINSKE IN \u0160TUDIJSKE KNJI\u017dNICE MURSKA SOBOTA<\/strong> &#8211; <em>otroci prvega starostnega obdobja<\/em><\/li>\n\n\n\n<li><strong>JAZ PA BEREM<\/strong> &#8211; <em>otroci drugega starostnega obdobja<\/em><\/li>\n<\/ul>\n\n\n\n<h2 class=\"wp-block-heading\">Obogatitveni program:<\/h2>\n\n\n\n<hr class=\"wp-block-separator has-css-opacity\" \/>\n\n\n\n<p>Vrtec bo tudi v tem \u0161olskem letu nudil otrokom in star\u0161em obogatitveni program, katerega star\u0161i sami financirajo. S cenami programov bodo star\u0161i dodatno obve\u0161\u010deni na oglasni deski vrtca.<\/p>\n\n\n\n<ul class=\"wp-block-list\">\n<li><strong>IZLETI V BLI\u017dNJO IN DALJNO BLI\u017dINO<\/strong><\/li>\n\n\n\n<li><strong>SODELOVANJE V RAZLI\u010cNIH NATE\u010cAJIH<\/strong><\/li>\n\n\n\n<li><strong>ZDRAVSTVENA PREVENTIVA<\/strong><\/li>\n\n\n\n<li><strong>DE\u017dELA SANJ<\/strong><\/li>\n\n\n\n<li><strong>PRAZNOVANJA<\/strong><\/li>\n\n\n\n<li><strong>MEDGENERACIJSKO SRE\u010cANJE<\/strong><\/li>\n\n\n\n<li><strong>POVEZOVANJE S STAR\u0160I IN DRUGIMI OSEBAMI<\/strong><\/li>\n\n\n\n<li><strong>SODELOVANJE NA OB\u010cINSKIH PRIREDITVAH<\/strong><\/li>\n\n\n\n<li><strong>SODELOVANJE S \u0160OLO<\/strong><\/li>\n\n\n\n<li><strong>DRU\u017dENJE MED ODDELKAMI<\/strong><\/li>\n\n\n\n<li><strong>TEDEN MOBILNOSTI<\/strong><\/li>\n\n\n\n<li><strong>SODELOVANJE Z GASILSKIM DRU\u0160TVOM &#8211; EVAKUACIJA<\/strong><\/li>\n\n\n\n<li><strong>OBISKI \u0160OLSKE KNJI\u017dNICE IN POTUJO\u010cE KNJI\u017dNICE<\/strong><\/li>\n\n\n\n<li><strong>GLEDALI\u0160KE DEJAVNOSTI\u00a0<\/strong><\/li>\n<\/ul>\n<\/div>\n<\/div>\n","protected":false},"excerpt":{"rendered":"<p>Projekti: Obogatitveni program: Vrtec bo tudi v tem \u0161olskem letu nudil otrokom in star\u0161em obogatitveni program, katerega star\u0161i sami financirajo. S cenami programov bodo star\u0161i dodatno obve\u0161\u010deni na oglasni deski [&hellip;]<\/p>\n","protected":false},"author":2635,"featured_media":0,"parent":0,"menu_order":0,"comment_status":"closed","ping_status":"open","template":"","meta":{"ngg_post_thumbnail":0,"footnotes":""},"class_list":["post-311","page","type-page","status-publish","hentry"],"_links":{"self":[{"href":"https:\/\/vrtecsalovci.splet.arnes.si\/index.php?rest_route=\/wp\/v2\/pages\/311","targetHints":{"allow":["GET"]}}],"collection":[{"href":"https:\/\/vrtecsalovci.splet.arnes.si\/index.php?rest_route=\/wp\/v2\/pages"}],"about":[{"href":"https:\/\/vrtecsalovci.splet.arnes.si\/index.php?rest_route=\/wp\/v2\/types\/page"}],"author":[{"embeddable":true,"href":"https:\/\/vrtecsalovci.splet.arnes.si\/index.php?rest_route=\/wp\/v2\/users\/2635"}],"replies":[{"embeddable":true,"href":"https:\/\/vrtecsalovci.splet.arnes.si\/index.php?rest_route=%2Fwp%2Fv2%2Fcomments&post=311"}],"version-history":[{"count":11,"href":"https:\/\/vrtecsalovci.splet.arnes.si\/index.php?rest_route=\/wp\/v2\/pages\/311\/revisions"}],"predecessor-version":[{"id":5472,"href":"https:\/\/vrtecsalovci.splet.arnes.si\/index.php?rest_route=\/wp\/v2\/pages\/311\/revisions\/5472"}],"wp:attachment":[{"href":"https:\/\/vrtecsalovci.splet.arnes.si\/index.php?rest_route=%2Fwp%2Fv2%2Fmedia&parent=311"}],"curies":[{"name":"wp","href":"https:\/\/api.w.org\/{rel}","templated":true}]}}

<h2 class="wp-block-heading">Projekti:</h2>



<hr class="wp-block-separator has-css-opacity" />



<div class="wp-block-columns is-layout-flex wp-container-core-columns-is-layout-9d6595d7 wp-block-columns-is-layout-flex">
<div class="wp-block-column is-layout-flow wp-block-column-is-layout-flow" style="flex-basis:100%">
<ul class="wp-block-list">
<li><strong><em>NAŠA MALA KNJIŽNICA</em></strong> &#8211; <em>otroci drugega starostnega obdobja</em>             </li>



<li><strong>BRALNA ZNAČKA </strong>&#8211; otroci drugega starostnega obdobja</li>



<li><strong>MOJA ŠČETKA</strong> &#8211; program preventivne skrbi za zobovje, otroci prvega starostnega in drugega starostnega obdobja</li>



<li><strong>MALI SONČEK</strong> &#8211; športni program za najmlajše, otroci prvega starostnega in drugega starostnega obdobja</li>



<li><strong>ZDRAVJE V VRTCU</strong> &#8211; otroci prvega starostnega in drugega starostnega obdobja</li>



<li><strong>PASAVČEK</strong> &#8211; otroci drugega starostnega obdobja</li>



<li><strong>UNICEF</strong> &#8211; otroci prvega starostnega in drugega starostnega obdobja</li>



<li><strong>MREŽA GOZDNIH VRTCEV</strong> &#8211; otroci prvega starostnega in drugega starostnega obdobja</li>



<li><strong>VARNO S SONCEM</strong> &#8211; otroci prvega starostnega in drugega starostnega obdobja</li>



<li><strong><em>365 DNI TELOVADIMO VSI</em></strong> &#8211; otroci prvega starostnega obdobja         </li>



<li><strong><em>SIMBIOZA GIBA</em></strong> &#8211; <em>otroci prvega starostnega  in drugega starostnega obdobja</em><strong><em> </em></strong></li>



<li><strong><em>TRADICIONALNI SLOVENSKI ZAJTRK</em></strong> &#8211; <em>otroci prvega starostnega  in drugega starostnega obdobja</em></li>



<li><strong><em>VARNO IN SPODBUDNO UČNO OKOLJE</em></strong> &#8211; <em>otroci drugega starostnega obdobja</em></li>



<li><strong>CELOSTNI RAZVOJ IN ETIKA V VZGOJI IN IZOBRAŽEVANJU</strong> &#8211; <em>otroci prvega starostnega obdobja</em></li>



<li><strong>NACIONALNI MESEC SKUPNEGA BRANJA</strong> &#8211; <em>otroci prvega starostnega  in drugega starostnega obdobja</em></li>



<li><strong>LEO LEO</strong> &#8211; <em>otroci prvega starostnega obdobja</em></li>



<li><strong>BRALNE URICE V SKLOPU POKRAJINSKE IN ŠTUDIJSKE KNJIŽNICE MURSKA SOBOTA</strong> &#8211; <em>otroci prvega starostnega obdobja</em></li>



<li><strong>JAZ PA BEREM</strong> &#8211; <em>otroci drugega starostnega obdobja</em></li>
</ul>



<h2 class="wp-block-heading">Obogatitveni program:</h2>



<hr class="wp-block-separator has-css-opacity" />



<p>Vrtec bo tudi v tem šolskem letu nudil otrokom in staršem obogatitveni program, katerega starši sami financirajo. S cenami programov bodo starši dodatno obveščeni na oglasni deski vrtca.</p>



<ul class="wp-block-list">
<li><strong>IZLETI V BLIŽNJO IN DALJNO BLIŽINO</strong></li>



<li><strong>SODELOVANJE V RAZLIČNIH NATEČAJIH</strong></li>



<li><strong>ZDRAVSTVENA PREVENTIVA</strong></li>



<li><strong>DEŽELA SANJ</strong></li>



<li><strong>PRAZNOVANJA</strong></li>



<li><strong>MEDGENERACIJSKO SREČANJE</strong></li>



<li><strong>POVEZOVANJE S STARŠI IN DRUGIMI OSEBAMI</strong></li>



<li><strong>SODELOVANJE NA OBČINSKIH PRIREDITVAH</strong></li>



<li><strong>SODELOVANJE S ŠOLO</strong></li>



<li><strong>DRUŽENJE MED ODDELKAMI</strong></li>



<li><strong>TEDEN MOBILNOSTI</strong></li>



<li><strong>SODELOVANJE Z GASILSKIM DRUŠTVOM &#8211; EVAKUACIJA</strong></li>



<li><strong>OBISKI ŠOLSKE KNJIŽNICE IN POTUJOČE KNJIŽNICE</strong></li>



<li><strong>GLEDALIŠKE DEJAVNOSTI </strong></li>
</ul>
</div>
</div>

<p>Projekti: Obogatitveni program: Vrtec bo tudi v tem šolskem letu nudil otrokom in staršem obogatitveni program, katerega starši sami financirajo. S cenami programov bodo starši dodatno obveščeni na oglasni deski [&hellip;]</p>
