{"id":5816,"date":"2026-04-02T07:01:09","date_gmt":"2026-04-02T05:01:09","guid":{"rendered":"https:\/\/vrtecsalovci.splet.arnes.si\/?page_id=5816"},"modified":"2026-04-02T07:01:25","modified_gmt":"2026-04-02T05:01:25","slug":"izjava-o-dostopnosti-2","status":"publish","type":"page","link":"https:\/\/vrtecsalovci.splet.arnes.si\/?page_id=5816","title":{"rendered":"Izjava o dostopnosti"},"content":{"rendered":"\n<p>Da bi zagotovili pozitivno uporabni\u0161ko izku\u0161njo s spletnim mestom <a href=\"https:\/\/vrtecsalovci.splet.arnes.si\/\">https:\/\/vrtecsalovci.splet.arnes.si\/<\/a> za vse spletne uporabnike, smo pri izdelavi sledili smernicam WCAG 2.0 (angl.:\u00a0<a href=\"http:\/\/www.w3.org\/TR\/WCAG\/\">Web Content Accessibility Guidelines (WCAG) 2.0<\/a>). Smernice vsebujejo razlago, kako zagotoviti, da so spletne vsebine dostopne osebam z omejitvami in uporabni\u0161ko prijazne za vse.<\/p>\n\n\n\n<p>Vrtec pri O\u0160 \u0160alovci se zavezuje, da bo omogo\u010dala dostopnost svojega spleti\u0161\u010da v skladu z\u00a0<a href=\"http:\/\/www.pisrs.si\/Pis.web\/pregledPredpisa?id=ZAKO7718\">Zakonom o dostopnosti spleti\u0161\u010d in mobilnih aplikacij<\/a>\u00a0vsem uporabnikom.<\/p>\n\n\n\n<h2 class=\"wp-block-heading\">Izjava o dostopnosti<\/h2>\n\n\n\n<p>Ta izjava o dostopnosti se nana\u0161a na spleti\u0161\u010de <a href=\"https:\/\/vrtecsalovci.splet.arnes.si\/\">https:\/\/vrtecsalovci.splet.arnes.si\/<\/a><\/p>\n\n\n\n<p>Za zagotavljanje zahtev glede dostopnosti so bile sistemsko zagotovljene nekatere prilagoditve, kot so:<\/p>\n\n\n\n<ul class=\"wp-block-list\">\n<li>ustrezni barvni kontrasti (med besedilom in ozadjem),<\/li>\n\n\n\n<li>spreminjanje tipa velikosti fontov,<\/li>\n\n\n\n<li>ozna\u010ditev vsebine (krepko, poudari fokus),<\/li>\n\n\n\n<li>pove\u010dava besedila.<\/li>\n\n\n\n<li>preskoki na bralno vsebino<\/li>\n<\/ul>\n\n\n\n<h2 class=\"wp-block-heading\">Stopnja skladnosti<\/h2>\n\n\n\n<p>Spleti\u0161\u010de <a href=\"https:\/\/vrtecsalovci.splet.arnes.si\/\">https:\/\/vrtecsalovci.splet.arnes.si\/<\/a> je delno skladno z Zakonom o dostopnosti spleti\u0161\u010d in mobilnih aplikacij zaradi spodaj navedenih izjem.<\/p>\n\n\n\n<h2 class=\"wp-block-heading\">Nedostopna vsebina<\/h2>\n\n\n\n<p>Dostopnost spleti\u0161\u010da <a href=\"https:\/\/vrtecsalovci.splet.arnes.si\/\">https:\/\/vrtecsalovci.splet.arnes.si\/<\/a> nenehno spremljamo in sproti izbolj\u0161ujemo posamezne elemente dostopnosti. Kljub temu nekatere objavljene vsebine ne izpolnjujejo vseh zahtev glede dostopnosti, kot jih dolo\u010da Zakon o dostopnosti spleti\u0161\u010d in mobilnih aplikacij. <\/p>\n\n\n\n<p>Primeri takih vsebin so:<\/p>\n\n\n\n<ul class=\"wp-block-list\">\n<li>skenirani dokumenti v PDF obliki zapisa,<\/li>\n\n\n\n<li>razli\u010dne kompleksne tabele s podatki,<\/li>\n\n\n\n<li>grafi\u010dno zahtevna vabila na prireditve, izdelki u\u010dencev,<\/li>\n\n\n\n<li>videoposnetki, ki nimajo na voljo podnapisov,<\/li>\n\n\n\n<li>organigrami,<\/li>\n\n\n\n<li>vsebina v formatih, ki zahteva prenos in uporabo namenskih aplikacij.<\/li>\n<\/ul>\n\n\n\n<h2 class=\"wp-block-heading\">Priprava izjave o dostopnosti<\/h2>\n\n\n\n<p>Ta izjava je bila pripravljena 18. aprila 2023 na podlagi samoocene.<br>Izjava je bila nazadnje pregledana 19. aprila 2023.<\/p>\n\n\n\n<h2 class=\"wp-block-heading\">Povratne in kontaktne informacije<\/h2>\n\n\n\n<p>Obiskovalci pri brskanju po spleti\u0161\u010du www.vrtec-ms.si kljub prizadevanjem, da bi bile vse spletne strani \u010dim bolj dostopne in uporabnikom prijazne, lahko ob\u010dasno naletijo na te\u017eave z dostopnostjo.<\/p>\n\n\n\n<p>Obvestilo o morebitnih primerih neskladnosti objav z dolo\u010dili Zakona o dostopnosti spleti\u0161\u010d in mobilnih aplikacij in zahteve po posredovanju informacij v dostopni obliki lahko po\u0161ljete po elektronski po\u0161ti na naslov&nbsp;info@vrtec-ms.si.<\/p>\n\n\n\n<p>Odgovor boste prejeli v roku osmih dni od prejema obvestila oziroma pro\u0161nje.<\/p>\n\n\n\n<h2 class=\"wp-block-heading\">Nadzor nad izvajanjem Zakona o dostopnosti spleti\u0161\u010d in mobilnih aplikacij<\/h2>\n\n\n\n<p>Nadzor nad izvajanjem Zakona o dostopnosti spleti\u0161\u010d in mobilnih aplikacij javnega sektorja izvaja:<\/p>\n\n\n\n<p>In\u0161pektorat Republike Slovenije za informacijsko dru\u017ebo<br>MINISTRSTVO ZA DIGITALNO PREOBRAZBO<br>Dav\u010dna ulica 1<br>1000 Ljubljana<br>Telefon: 01 555 58 48<br>E-mail:&nbsp;gp.irsid@gov.si<\/p>\n","protected":false},"excerpt":{"rendered":"<p>Da bi zagotovili pozitivno uporabni\u0161ko izku\u0161njo s spletnim mestom https:\/\/vrtecsalovci.splet.arnes.si\/ za vse spletne uporabnike, smo pri izdelavi sledili smernicam WCAG 2.0 (angl.:\u00a0Web Content Accessibility Guidelines (WCAG) 2.0). Smernice vsebujejo razlago, [&hellip;]<\/p>\n","protected":false},"author":81642,"featured_media":0,"parent":0,"menu_order":0,"comment_status":"closed","ping_status":"closed","template":"","meta":{"ngg_post_thumbnail":0,"footnotes":""},"class_list":["post-5816","page","type-page","status-publish","hentry"],"_links":{"self":[{"href":"https:\/\/vrtecsalovci.splet.arnes.si\/index.php?rest_route=\/wp\/v2\/pages\/5816","targetHints":{"allow":["GET"]}}],"collection":[{"href":"https:\/\/vrtecsalovci.splet.arnes.si\/index.php?rest_route=\/wp\/v2\/pages"}],"about":[{"href":"https:\/\/vrtecsalovci.splet.arnes.si\/index.php?rest_route=\/wp\/v2\/types\/page"}],"author":[{"embeddable":true,"href":"https:\/\/vrtecsalovci.splet.arnes.si\/index.php?rest_route=\/wp\/v2\/users\/81642"}],"replies":[{"embeddable":true,"href":"https:\/\/vrtecsalovci.splet.arnes.si\/index.php?rest_route=%2Fwp%2Fv2%2Fcomments&post=5816"}],"version-history":[{"count":1,"href":"https:\/\/vrtecsalovci.splet.arnes.si\/index.php?rest_route=\/wp\/v2\/pages\/5816\/revisions"}],"predecessor-version":[{"id":5817,"href":"https:\/\/vrtecsalovci.splet.arnes.si\/index.php?rest_route=\/wp\/v2\/pages\/5816\/revisions\/5817"}],"wp:attachment":[{"href":"https:\/\/vrtecsalovci.splet.arnes.si\/index.php?rest_route=%2Fwp%2Fv2%2Fmedia&parent=5816"}],"curies":[{"name":"wp","href":"https:\/\/api.w.org\/{rel}","templated":true}]}}